1?
0
Evaluate (2 - 7) + (2 + -2 - 0).
-5
(3 - 8 - (0 - 0)) + 3
-2
Evaluate -1 - (2 + -2 + 0).
-1
Calculate -3 + 8 + -2 + 0 - 4.
-1
What is 6 - (5 + (3 - 1))?
-1
11 - ((8 - -3) + 1)
-1
Calculate (36 - 35) + (1 + 0 - -1).
3
What is the value of (4 - (-2 + 4)) + -1?
1
Evaluate -3 + (-2 - 3 - 5) - -8.
-5
What is -2 - 2 - (3 + -5)?
-2
What is the value of 5 - (-5 + 12) - (1 + -7)?
4
-7 - (2 - 3 - 6)
0
Calculate 4 + 1 + (-20 - -37 - 14).
8
Calculate 4 - 2 - (1 + 7 - 4).
-2
Calculate 5 + 7 + -13 + -4.
-5
Evaluate (-6 - 0) + -1 + 6.
-1
Calculate -5 + 1 + (-1 - -4).
-1
Evaluate 0 + -6 - -3 - (-4 + 2).
-1
Calculate -1 + 6 + 3 + (1 - 5).
4
Evaluate -22 - (9 + -16) - (-6 + 1).
-10
What is the value of 9 - (-11 + 9) - 14?
-3
What is the value of -4 - ((-7 - 1) + 1) - -1?
4
What is the value of -2 - (1 - (7 + -5) - -3)?
-4
Evaluate 1 + -4 + -5 + 4 + 6.
2
-7 + (-8 + 22 - 7)
0
Calculate -2 + (1 - -3) - 3.
-1
4 + -7 + -3 + 4 + 0
-2
-2 - (0 - (-4 + -1 + 4))
-3
Calculate -1 - (-1 + -4 - (-24 - -16)).
-4
Evaluate 5 + (1 - -1 - 0) + -5.
2
1 + -1 + (11 - -8 - 14)
5
-4 + -1 + 27 + -28 + 12
6
Evaluate -23 - -36 - (0 - (-2 - 0)).
11
Evaluate -1 - 2 - (1 + -9 + 2).
3
What is the value of (-8 - -12) + 0 + 0 + -8?
-4
Evaluate 1 - 6 - (-8 + 9 - 0).
-6
-18 + 22 - (-5 + (2 - 0))
7
-5 - (5 - (1 - -4)) - -10
5
Evaluate 6 + -1 - (-2 + 12).
-5
Calculate (8 - 5) + -1 + (1 - -1).
4
What is (-4 - -14 - (2 - -2)) + -9?
-3
-5 + 5 + -6 + 1
-5
What is the value of -9 - -13 - (8 - 5 - -1)?
0
Calculate 5 - (-5 - (1 + -4) - -1).
6
4 + (-16 - -9 - -7)
4
Calculate -1 + -1 + 3 + -4 + 1.
-2
What is the value of (17 - 14) + -3 + -4 + -2?
-6
What is the value of (0 - 2) + -7 + 6 + -1?
-4
Calculate (-1 - 6) + (-1 - (5 + -13)).
0
0 - (5 - 14 - -6) - 3
0
Calculate (-4 - (-16 - -2)) + -9.
1
What is the value of -1 - (-7 + -5 + 13)?
-2
What is the value of (8 - (2 + 3 - 0)) + -1?
2
Calculate (2 - 0) + (68 - 75).
-5
Evaluate -1 - -4 - (11 - 6 - 1).
-1
What is the value of -3 + (-8 - (-10 + 6) - -5)?
-2
Calculate 6 - ((6 - 12) + 10).
2
Calculate (-2 - (-2 - -3)) + 4 + -3.
-2
Evaluate 1 + 5 - (-6 - (10 - 23)).
-1
Evaluate 8 - (5 + 2) - (-4 + 4).
1
Evaluate 5 + -4 + -1 + -5.
-5
Evaluate -2 + (0 - -7) - (2 - 2).
5
10 + (-9 - -3) + 5 + -5
4
-10 + -1 - (5 + -7)
-9
What is the value of 4 - (18 - 9 - 0)?
-5
Evaluate 2 + -2 + -2 + 7 + -5.
0
Calculate -9 + 0 + 4 + -1 + 1.
-5
8 + 12 + -18 + -4
-2
1 + 4 + -12 + -1 + 16
8
Calculate -1 + -1 + (4 - (-3 + 2)).
3
(2 - -1 - (5 - 1)) + 5
4
-2 - (3 + 3 - 4)
-4
Evaluate 2 + (-4 - -7 - 1).
4
-2 - 6 - -8 - (0 + -5)
5
Evaluate -6 - (3 - (-2 - -6)).
-5
What is the value of -7 - (-10 - -4 - 2)?
1
What is -8 - (6 + -6 - 8)?
0
(-4 - -7) + (0 - -1)
4
Evaluate 1 - (-2 + 4 + 0) - -1.
0
Calculate -2 + 7 + -2 + -7 + -1.
-5
2 + (-6 - -2) + 0
-2
Evaluate 1 + (1 + (1 - 2) - 1).
0
What is (-13 - -3) + 3 - -3?
-4
What is the value of -4 + (6 - (-2 - (-1 + -2)))?
1
What is the value of (7 - 19) + 5 + 1 + 9?
3
Evaluate -4 + -1 + 6 - -3 - 3.
1
What is the value of -4 - -3 - (-5 - -5)?
-1
Evaluate 1 - (-3 - -3) - (13 - 8).
-4
Evaluate -9 + (8 - 11) - -9.
-3
What is 10 + 2 + (70 - 88)?
-6
What is the value of 11 - (15 + 8) - (-3 + -2)?
-7
What is the value of (6 - 12 - -3) + (1 - 1)?
-3
What is the value of 1 + -4 + 1 - (0 + -6)?
4
-1 + 2 - (-1 + 2 + 0)
0
What is the value of 2 - (2 - -1) - 0 - 2?
-3
What is the value of 0 - (-3 - (3 - (9 + 2)))?
-5
Calculate 0 - 6 - (-11 - -2).
3
Calculate 6 - (7 - 4) - 2.
1
What is 7 + 3 - (33 + -27)?
4
(15 - 1 - -5) + -12
7
What is the value of -12 + 29 - (10 + 1)?
6
What is the value of (1 - 0 - 3) + 2?
0
Evaluate 1 + -3 - -7 - 2.
3
What is -9 - (1 - (7 - -10))?
7
What is the value of (3 - (11 + -7)) + 9?
8
2 + (1 + -1 - -1)
3
What is the value of 3 + (-3 - (2 + 1))?
-3
What is (-3 + (-4 - -1) - 1) + 7?
0
(-7 - 0) + 3 - (-1 - -2)
-5
Evaluate (149 - 156) + 1 + (2 - -1).
-3
Calculate 7 + (-7 - 4) + 6.
2
Calculate -1 - -6 - (18 - 15).
2
Calculate (1 - 1) + (0 - (1 - 0)).
-1
What is (-3 - -2) + 2 + -3?
-2
What is the value of 2 + 0 - (2 + -2)?
2
What is 5 - ((-8 - -5) + 11)?
-3
Calculate 4 + 0 - 2 - (-2 - 1).
5
What is 7 + -9 + -1 + 9?
6
-5 - ((2 - -5) + -9 + 2)
-5
What is 7 + 0 - (-46 + 55)?
-2
Evaluate -1 + -4 + 2 + (1 - -2).
0
What is the value of -1 + 2 + (0 - 5)?
-4
What is the value of -1 + 1 + -3 + -1?
-4
What is 1 - -4 - (-18 - -28) - -14?
9
What is the value of 16 + -2 + -18 - (-9 - 0)?
5
What is the value of (2 - 1) + 1 - (306 + -299)?
-5
Calculate 0 - ((-5 - 1) + 6) - 4.
-4
What is -3 - 2 - (41 + -42)?
-4
What is the value of 6 - (-7 + 13 - -6)?
-6
-1 - (-4 - -7) - 0
-4
Evaluate 21 + -14 + -1 + -1 + 0.
5
What is -10 + 4 - (-1 + -13) - 7?
1
-1 + 8 - ((19 - 2) + -1)
-9
Calculate 3 - 1 - (43 - 48).
7
What is -2 - (2 + 11 + -9)?
-6
Evaluate -2 - (-7 + -7) - (-3 + 9).
6
What is the value of 2 - (-5 + 1 + 5)?
1
Calculate -7 + (-3 - -14) + -6.
-2
What is the value of -8 + 0 + 5 - -9?
6
What is -4 - (2 - (2 - -4))?
0
Evaluate 1 - (-4 + (19 - 8)).
-6
Evaluate (18 - 15) + (0 - 7) - -4.
0
What is 0 + 0 - (-3 + 3 - 4)?
4
What is the value of (-93 - -85) + (-1 - -13)?
4
What is the value of (-179 - -192) + (-3 - (4 + -2))?
8
Calculate 1 + (2 - -1) + 1 + 0.
5
Calculate (-1 - 1) + 3 + -2 + 2.
1
What is the value of 3 + -6 + 2 + -2 + 2?
-1
What is the value of 3 + -4 + 8 + -8 + -6?
-7
What is the value of 0 + 1 - (-5 + 2 - -6)?
-2
What is 1 - 5 - (-1 - 11 - -8)?
0
What is the value of -3 + 0 - (1 + 0)?
-4
-1 + -3 + 5 - (0 - -1)
0
(1 - (-10 + 12)) + (-2 - 1)
-4
What is 2 - (-6 - 0 - (-8 + -1))?
-1
What is -1 - ((0 - -1) + -1 + -3)?
2
What is -5 - (3 + -2 + 6 - 5)?
-7
-2 - 4 - (-2 + 3 - 2)
-5
Calculate (-7 + 6 - (6 - 2)) + 3.
-2
What is -9 + -3 + 17 + 0 + -8?
-3
What is the value of -10 + 0 + (6 - 2)?
-6
Evaluate -4 - (0 - (5 - 0)).
1
Calculate 4 + 2 + -6 + (4 - 0).
4
Evaluate 2 - (-2 + (-5 - -2) + 2).
5
What is 3 - (5 - (4 - 1) - 1)?
2
What is the value of 4 + (6 - 10) + (0 - 3)?
-3
Calculate (-5 - -2 - -1) + 2.
0
What is -3 + (2 + -5 - -6) + -4?
-4
Calculate -5 - -1 - (-8 - 2).
6
7 + 0 + -5 + 1
3
Calculate -1 + -1 + 6 + (-5 - -5).
4
1 + 4 + (-6 - -6) + -5
0
What is -1 + -7 + 7 + 0 + 0?
-1
What is (19 - 19) + 5 + -5 + 3?
3
What is -5 + 1 + 7 + -5?
-2
Evaluate -1 + (5 - (-2 + 8 - 5)).
3
What is the value of 3 - (-7 + 0 + 7 - -5)?
-2
Evaluate -7 - (15 + -10 - 4).
-8
Calculate (4 - 0) + (7 + -6 - 7).
-2
Calculate -1 + 4 + -5 + -1 - 2.
-5
What is -1 - (-3 - -11) - -9?
0
Evaluate -14 - -6 - (-5 - -2).
-5
Calculate 5 + 1 + -4 - 4.
-2
Calculate -4 + 15 + (8 - 18).
1
What is the value of -4 - (2 + -10 + 10)?
-6
Evaluate (-6 - (-9 - -6)) + 3 + -1.
-1
Calculate -1 - -7 - (24 + -17).
-1
Calculate 24 - 15 - (-1 - -9).
1
(-1 - -1) + (-37 - -34)
-3
Calculate (2 - 9 - -5) + (0 - -4).
2
What is 3 + 0 - (52 - 54)?
5
Evaluate 4 + -2 + -2 + 1 + 0.
1
What is the value of (15 - 12) + -1 + 0 - 3?
-1
Calculate -1 + -3 - (17 + -2 - 8).
-11
Calculate 308 + -315 + 0 + (1 - -1).
-5
Calculate -4 - (7 + -9 + (1 - -3)).
-6
3 - (6 - (10 + -6))
1
-12 - (6 - 7 - 6)
-5
9 - (-12 - (-8 + -5))
8
Calculate -4 - ((-1 - -4) + -5).
-2
What is the value of (6 - ((6 - 5) + -5)) + -6?
4
What is -7 + 11 + -5 + 7?
6
Calculate 1 - (1 - -2 - 4).
2
Calculate 7 - 1 - (4 - (10 + -7)).
5
What is the value of 2 - ((-7 - -4) + 1 - -1)?
3
1 + (1 + (-5 - 2) - 3)
-8
2 + -9 + -51 + 54
-4
What is 9 + 4 + -2 - 4?
7
What is 7 - (0 - -3) - 8 - -1?
-3
Calculate 0 + -2 + (-3 - 0).
-5
What is 15 - 0 - (-85 - -91)?
9
What is the value of 2 - (1 + (-1 - 2) + -1)?
5
What is -5 + (-5 - -10) + 0 + 0?
0
Calculate 4 + (-7 - -13 - 14).
-4
Evaluate (-3 - (2 + -2)) + 4 - 2.
-1
What is (1 - 3) + 2 - -2 - 6?
-4
-15 + (22 - (-2 - -11))
-2
What is 0 + -4 + -1 + 4 + 3?
2
What is 0 + (-3 - -1 - (3 + -8))?
3
What is -1 + (0 - 1) - 3?
-5
(0 - 0 - -8) + -4
4
What is the value of -17 + 12 + (1 - 2)?
-6
Calculate 13 - 14 - (-3 - 0 - 1).
3
Evaluate 6 - (-7 - 5) - (8 - -1).
9
What is (6 - 11) + -1 - -5?
-1
What is the value of (-5 - (-4 - -10) - -3) + 13?
5
4 - (4 + (-1 - -5) + -2)
-2
What is 0 - -2 - (-44 - -47)?
-1
Calculate (1 + -5 - 1 - -3) + 7.
5
Evaluate -2 + 6 + -7 + 11 + -9.
-1
Evaluate (-2 + -10 - (-7 - -4)) + 3.
-6
What is -3 - 0 - -2 - (6 - 4)?
-3
Evaluate (-5 - (0 - 8)) + -2.
1
1 - (-2 + -3 + 3)
3
What is the value of 18 + -11 - (-3 